{"id":203,"date":"2014-10-08T21:04:53","date_gmt":"2014-10-08T19:04:53","guid":{"rendered":"https:\/\/www.jugendarbeit-kerzers.ch\/?page_id=203"},"modified":"2026-01-19T15:20:42","modified_gmt":"2026-01-19T14:20:42","slug":"raeumlichkeiten-mieten","status":"publish","type":"page","link":"https:\/\/www.jugendarbeit-kerzers.ch\/?page_id=203","title":{"rendered":"Meet Point &#8211; R\u00e4umlichkeiten mieten"},"content":{"rendered":"<h3><strong>Mietgesuch f\u00fcr den Meet Point (Jugendraum):<\/strong><\/h3>\n<h3><span style=\"color: #ff0000;\"><strong>Mindestens 2 Wochen vor der Vermietung muss ein Ben\u00fctzungsgesuch (<\/strong><\/span><strong><a href=\"https:\/\/www.jugendarbeit-kerzers.ch\/wp-content\/uploads\/2022\/02\/Mietgesuch-Jugendraum-Meetpoint-2022.pdf\" target=\"_blank\" rel=\"attachment noopener wp-att-688 noreferrer\">miet-gesuch-jugendraum.pdf<\/a><\/strong><span style=\"color: #ff0000;\"><strong>) <\/strong><\/span><span style=\"color: #ff0000;\"><strong>ausgef\u00fcllt werden.<\/strong><\/span><\/h3>\n<h4><strong>Der Raum kann von Privatpersonen<\/strong><strong>, aus Kerzers und den Partnergemeinden (<\/strong><strong>Ferenbalm, Fr\u00e4schels, Gurbr\u00fc, <\/strong><strong>Kerzers, <\/strong><strong>Ried b. Kerzers und <\/strong><strong>Wileroltigen) <\/strong><strong>gemietet werden. Er ist auf Grund seiner Gr\u00f6sse und jugendgerechten Infrastruktur ideal f\u00fcr die Durchf\u00fchrung von Kindergeburtstagen und von Jugendparties, vornehmlich f\u00fcr das Zielalter von ca. 8 -16 Jahren. Theoretisch kann der Jugendraum f\u00fcr Veranstaltungen bis Zielalter 25 Jahre gemietet werden, jedoch ist das generelle Alkoholkonsum- und Rauchverbot von allen anwesenden G\u00e4sten zu respektieren.<\/strong><\/h4>\n<h2><span style=\"color: #33cccc;\"><strong>Hier der Kalender mit den bereits vermieteten Daten:<\/strong><\/span><\/h2>\n<br><div data-tockify-calendar=\"meetpoint\" data-tockify-component=\"calendar\"><\/div><script type='text\/javascript'>if (window._tkf && window._tkf.loadDeclaredCalendars) {window._tkf.loadDeclaredCalendars();}<\/script>\n<h4>+<\/h4>\n<h4><strong>Hier der Link zum Download des Formulars, das du und deine Eltern \/ gesetzlichen Vertretern unterschreiben m\u00fcssen:<\/strong><\/h4>\n<h4><strong><a href=\"https:\/\/www.jugendarbeit-kerzers.ch\/wp-content\/uploads\/2022\/02\/Mietgesuch-Jugendraum-Meetpoint-2022.pdf\" target=\"_blank\" rel=\"attachment noopener wp-att-688 noreferrer\">miet-gesuch-jugendraum<\/a>\u00a0[393 KB]<\/strong><\/h4>\n<h4><strong>Formular einreichen bei: <\/strong><strong>jugendarbeit(\u00e4t)kerzers.ch<\/strong><\/h4>\n<h4><strong>Des Weitern musst du mit der Jugendarbeit pers\u00f6nlich Kontakt aufnehmen, um die Vermietung gemeinsam zu besprechen.<\/strong><\/h4>\n<h3><span style=\"color: #ff0000;\"><strong>Kontakt: jugendarbeit(\u00e4t)kerzers.ch \/ Telefon Di\/Do\/Fr: 079 938 78 53<\/strong><\/span><\/h3>\n<p><iframe loading=\"lazy\" style=\"border: 0;\" src=\"https:\/\/www.google.com\/maps\/embed?pb=!1m18!1m12!1m3!1d680.6037455608356!2d7.196106589809307!3d46.97318322478448!2m3!1f0!2f0!3f0!3m2!1i1024!2i768!4f13.1!3m3!1m2!1s0x478e140c07cdd425%3A0x6df0bd69894744fb!2sMeet%20Point%20Jugendtreff!5e0!3m2!1sde!2sch!4v1742148373310!5m2!1sde!2sch\" width=\"400\" height=\"300\" allowfullscreen=\"allowfullscreen\"><\/iframe><br \/><a href=\"https:\/\/www.jugendarbeit-kerzers.ch\/?attachment_id=2740#main\" rel=\"attachment wp-att-2740\"><img loading=\"lazy\" decoding=\"async\" class=\"alignnone wp-image-2740 size-full\" src=\"https:\/\/www.jugendarbeit-kerzers.ch\/wp-content\/uploads\/2020\/10\/1_Bar-2-1.jpg\" alt=\"\" width=\"1000\" height=\"750\" srcset=\"https:\/\/www.jugendarbeit-kerzers.ch\/wp-content\/uploads\/2020\/10\/1_Bar-2-1.jpg 1000w, https:\/\/www.jugendarbeit-kerzers.ch\/wp-content\/uploads\/2020\/10\/1_Bar-2-1-300x225.jpg 300w, https:\/\/www.jugendarbeit-kerzers.ch\/wp-content\/uploads\/2020\/10\/1_Bar-2-1-768x576.jpg 768w\" sizes=\"auto, (max-width: 1000px) 100vw, 1000px\" \/><\/a><a href=\"https:\/\/www.jugendarbeit-kerzers.ch\/?attachment_id=2741#main\" rel=\"attachment wp-att-2741\"><img loading=\"lazy\" decoding=\"async\" class=\"alignnone wp-image-2741 size-full\" src=\"https:\/\/www.jugendarbeit-kerzers.ch\/wp-content\/uploads\/2020\/10\/3_Spielraum-1-1.jpg\" alt=\"\" width=\"1000\" height=\"750\" srcset=\"https:\/\/www.jugendarbeit-kerzers.ch\/wp-content\/uploads\/2020\/10\/3_Spielraum-1-1.jpg 1000w, https:\/\/www.jugendarbeit-kerzers.ch\/wp-content\/uploads\/2020\/10\/3_Spielraum-1-1-300x225.jpg 300w, https:\/\/www.jugendarbeit-kerzers.ch\/wp-content\/uploads\/2020\/10\/3_Spielraum-1-1-768x576.jpg 768w\" sizes=\"auto, (max-width: 1000px) 100vw, 1000px\" \/><\/a><a href=\"https:\/\/www.jugendarbeit-kerzers.ch\/?attachment_id=2742#main\" rel=\"attachment wp-att-2742\"><img loading=\"lazy\" decoding=\"async\" class=\"alignnone wp-image-2742 size-full\" src=\"https:\/\/www.jugendarbeit-kerzers.ch\/wp-content\/uploads\/2020\/10\/3_Spielraum-2.jpg\" alt=\"\" width=\"1000\" height=\"750\" srcset=\"https:\/\/www.jugendarbeit-kerzers.ch\/wp-content\/uploads\/2020\/10\/3_Spielraum-2.jpg 1000w, https:\/\/www.jugendarbeit-kerzers.ch\/wp-content\/uploads\/2020\/10\/3_Spielraum-2-300x225.jpg 300w, https:\/\/www.jugendarbeit-kerzers.ch\/wp-content\/uploads\/2020\/10\/3_Spielraum-2-768x576.jpg 768w\" sizes=\"auto, (max-width: 1000px) 100vw, 1000px\" \/><\/a><a href=\"https:\/\/www.jugendarbeit-kerzers.ch\/?attachment_id=2743#main\" rel=\"attachment wp-att-2743\"><img loading=\"lazy\" decoding=\"async\" class=\"alignnone wp-image-2743 size-full\" src=\"https:\/\/www.jugendarbeit-kerzers.ch\/wp-content\/uploads\/2020\/10\/4_Disco-Raum-3.jpg\" alt=\"\" width=\"1000\" height=\"750\" srcset=\"https:\/\/www.jugendarbeit-kerzers.ch\/wp-content\/uploads\/2020\/10\/4_Disco-Raum-3.jpg 1000w, https:\/\/www.jugendarbeit-kerzers.ch\/wp-content\/uploads\/2020\/10\/4_Disco-Raum-3-300x225.jpg 300w, https:\/\/www.jugendarbeit-kerzers.ch\/wp-content\/uploads\/2020\/10\/4_Disco-Raum-3-768x576.jpg 768w\" sizes=\"auto, (max-width: 1000px) 100vw, 1000px\" \/><\/a><a href=\"https:\/\/www.jugendarbeit-kerzers.ch\/?attachment_id=2744#main\" rel=\"attachment wp-att-2744\"><img loading=\"lazy\" decoding=\"async\" class=\"alignnone wp-image-2744 size-full\" src=\"https:\/\/www.jugendarbeit-kerzers.ch\/wp-content\/uploads\/2020\/10\/4_Disco-Raum-4.jpg\" alt=\"\" width=\"1000\" height=\"750\" srcset=\"https:\/\/www.jugendarbeit-kerzers.ch\/wp-content\/uploads\/2020\/10\/4_Disco-Raum-4.jpg 1000w, https:\/\/www.jugendarbeit-kerzers.ch\/wp-content\/uploads\/2020\/10\/4_Disco-Raum-4-300x225.jpg 300w, https:\/\/www.jugendarbeit-kerzers.ch\/wp-content\/uploads\/2020\/10\/4_Disco-Raum-4-768x576.jpg 768w\" sizes=\"auto, (max-width: 1000px) 100vw, 1000px\" \/><\/a><a href=\"https:\/\/www.jugendarbeit-kerzers.ch\/?attachment_id=2745#main\" rel=\"attachment wp-att-2745\"><img loading=\"lazy\" decoding=\"async\" class=\"alignnone wp-image-2745 size-full\" src=\"https:\/\/www.jugendarbeit-kerzers.ch\/wp-content\/uploads\/2020\/10\/4_Disco-Raum-5.jpg\" alt=\"\" width=\"1000\" height=\"750\" srcset=\"https:\/\/www.jugendarbeit-kerzers.ch\/wp-content\/uploads\/2020\/10\/4_Disco-Raum-5.jpg 1000w, https:\/\/www.jugendarbeit-kerzers.ch\/wp-content\/uploads\/2020\/10\/4_Disco-Raum-5-300x225.jpg 300w, https:\/\/www.jugendarbeit-kerzers.ch\/wp-content\/uploads\/2020\/10\/4_Disco-Raum-5-768x576.jpg 768w\" sizes=\"auto, (max-width: 1000px) 100vw, 1000px\" \/><\/a><\/p>\n\n\n<p class=\"has-black-color has-text-color has-link-color has-medium-font-size wp-elements-2899f1a89ec8f3cfaf1801007befa3a2\"><strong>+<\/strong><\/p>\n\n\n\n<p class=\"has-black-color has-text-color has-link-color wp-elements-7cc6b25254c95fe3566eadc0af020945\" style=\"font-size:31px;text-transform:uppercase\"><strong><strong>Kinder- und Jugendhaus &#8211; R\u00e4umlichkeiten mieten:<\/strong><\/strong><\/p>\n\n\n\n<p class=\"has-vivid-red-color has-text-color has-link-color has-medium-font-size wp-elements-a3559093aadf6226e36446ccc83fd038\"><strong>Bitte bei der Finanzverwaltung Kerzers (+41 31 750 53 54 oder\u00a0finanzen(at)kerzers.ch) anfragen.<\/strong><\/p>\n\n\n\n<figure class=\"wp-block-image size-full\"><a href=\"https:\/\/www.jugendarbeit-kerzers.ch\/wp-content\/uploads\/2025\/03\/jugendhaus-kerzers.jpg\"><img loading=\"lazy\" decoding=\"async\" width=\"1000\" height=\"750\" src=\"https:\/\/www.jugendarbeit-kerzers.ch\/wp-content\/uploads\/2025\/03\/jugendhaus-kerzers.jpg\" alt=\"\" class=\"wp-image-4747\" srcset=\"https:\/\/www.jugendarbeit-kerzers.ch\/wp-content\/uploads\/2025\/03\/jugendhaus-kerzers.jpg 1000w, https:\/\/www.jugendarbeit-kerzers.ch\/wp-content\/uploads\/2025\/03\/jugendhaus-kerzers-300x225.jpg 300w, https:\/\/www.jugendarbeit-kerzers.ch\/wp-content\/uploads\/2025\/03\/jugendhaus-kerzers-768x576.jpg 768w\" sizes=\"auto, (max-width: 1000px) 100vw, 1000px\" \/><\/a><\/figure>\n\n\n\n<h3 class=\"wp-block-heading has-black-color has-text-color has-link-color has-medium-font-size wp-elements-8b639755582e2fe4c35986e817a69eb2\"><strong>Beschrieb<\/strong><\/h3>\n\n\n\n<p class=\"has-black-color has-text-color has-link-color has-medium-font-size wp-elements-899e6e2ee306e0c9bcf1c6735e02f681\">Das Kinder- und Jugendhaus bietet eine vielf\u00e4ltige Infrastruktur f\u00fcr Jugendliche und Kinder&nbsp;um verschiedene Aktivit\u00e4ten durchzuf\u00fchren und Veranstaltungen zu organisieren. Es ist ein Ort der Begegnung, des Lernens und des gemeinsamen Erlebens. Das Haus verf\u00fcgt \u00fcber mehrere R\u00e4ume, die f\u00fcr verschiedene Zwecke genutzt werden k\u00f6nnen, sowie \u00fcber einen Gew\u00f6lbekeller f\u00fcr gem\u00fctliche Treffen.<\/p>\n\n\n\n<p class=\"has-black-color has-text-color has-link-color has-medium-font-size wp-elements-8078f1646e8880207daf9a99e1f877e2\">Das Kinder- und Jugendhaus bietet Platz f\u00fcr 20 Personen.&nbsp;<strong>Bei Veranstaltungen ab 20 Personen muss der Gew\u00f6lbekeller ebenfalls gemietet werden.<\/strong><\/p>\n\n\n\n<h3 class=\"wp-block-heading has-black-color has-text-color has-link-color wp-elements-a6cd5d1280bd99d601e2e87990414618\"><strong>Standort<\/strong><\/h3>\n\n\n\n<p class=\"has-medium-font-size\"><p class=\"has-medium-font-size\">Vordere Gasse 5, 3210 Kerzers<\/p>\n<iframe src=\"https:\/\/www.google.com\/maps\/embed?pb=!1m14!1m8!1m3!1d6500.9718321387545!2d7.198626!3d46.974926!3m2!1i1024!2i768!4f13.1!3m3!1m2!1s0x478e140ec7252653%3A0xbac79f4d7b7378b7!2sOffene%20Kinder-%20und%20Jugendarbeit%20Regio%20Kerzers!5e1!3m2!1sde!2sch!4v1742149449918!5m2!1sde!2sch\" width=\"400\" height=\"300\" style=\"border:0;\" allowfullscreen=\"\" loading=\"lazy\" referrerpolicy=\"no-referrer-when-downgrade\"><\/iframe><\/p>\n\n\n\n<h3 class=\"wp-block-heading has-black-color has-text-color has-link-color wp-elements-847d1c201eb47167a9221e78d3d821a3\"><strong>Infrastruktur<\/strong><\/h3>\n\n\n\n<p class=\"has-black-color has-text-color has-link-color has-medium-font-size wp-elements-8587f6ff99542a9161d010f393804e9e\">&#8211; R\u00e4umlichkeiten im EG<\/p>\n\n\n\n<p class=\"has-black-color has-text-color has-link-color has-medium-font-size wp-elements-4f9b08c2110762a9f23421148eb95a94\">&#8211; K\u00fcche inkl. Inventar<\/p>\n\n\n\n<p class=\"has-black-color has-text-color has-link-color has-medium-font-size wp-elements-fe79b1c1a09438efc78f8c7f9ea47b80\">&#8211; Gew\u00f6lbekeller (nur mit R\u00e4umlichkeiten EG)<\/p>\n\n\n\n<p class=\"has-black-color has-text-color has-link-color has-medium-font-size wp-elements-57a4bdbdc4a58d8c1e3e7744dd93bd37\">&#8211; Toiletten<\/p>\n\n\n\n<p class=\"has-black-color has-text-color has-link-color has-medium-font-size wp-elements-a35f6e33fc350724acf14fad31c35b75\">&#8211; Aussenbereich<\/p>\n\n\n\n<h3 class=\"wp-block-heading has-black-color has-text-color has-link-color wp-elements-1a1b00921258994af0e297289361f863\"><strong>Auskunft und&nbsp;Vermietung<\/strong><\/h3>\n\n\n\n<p class=\"has-vivid-red-color has-text-color has-link-color has-medium-font-size wp-elements-7115880beeaca3b18d6b8c9f73185dbf\"><strong>Finanzverwaltung Kerzers (+41 31 750 53 54 oder\u00a0finanzen(at)kerzers.ch)<\/strong><\/p>\n\n\n\n<h3 class=\"wp-block-heading\"><strong>Downloads<\/strong><\/h3>\n\n\n\n<p class=\"has-vivid-red-color has-text-color has-link-color has-medium-font-size wp-elements-99f5feacd2cc6049bd4d48bd95f5399d\" style=\"font-style:normal;font-weight:700\"><a href=\"https:\/\/www.jugendarbeit-kerzers.ch\/wp-content\/uploads\/2025\/03\/2024-Benuetzungsgesuch-Kinder-und-Jugendhaus.pdf\" target=\"_blank\" rel=\"noreferrer noopener\">Ben\u00fctzungsgesuch&nbsp;Kinder- und Jugendhaus<\/a> Bitte bei der Finanzverwaltung Gemeinde Kerzers (+41 31 750 53 54 oder&nbsp;finanzen(at)kerzers.ch) einreichen.<\/p>\n\n\n\n<p class=\"has-vivid-red-color has-text-color has-link-color has-medium-font-size wp-elements-bf72e599612c6a0870e408dde2c0be02\" style=\"font-style:normal;font-weight:700\"><a href=\"https:\/\/www.jugendarbeit-kerzers.ch\/wp-content\/uploads\/2025\/03\/2024-01-01-Benuetzungs-und-Gebuehrenordnung-ab-1.-Januar-2024.pdf\" target=\"_blank\" rel=\"noreferrer noopener\">Ben\u00fctzung- und Geb\u00fchrenordnung<\/a><\/p>\n\n\n\n<figure class=\"wp-block-image size-large\"><a href=\"https:\/\/www.jugendarbeit-kerzers.ch\/wp-content\/uploads\/2025\/03\/image003-1.jpg\"><img loading=\"lazy\" decoding=\"async\" width=\"1024\" height=\"768\" src=\"https:\/\/www.jugendarbeit-kerzers.ch\/wp-content\/uploads\/2025\/03\/image003-1-1024x768.jpg\" alt=\"\" class=\"wp-image-4741\" srcset=\"https:\/\/www.jugendarbeit-kerzers.ch\/wp-content\/uploads\/2025\/03\/image003-1-1024x768.jpg 1024w, https:\/\/www.jugendarbeit-kerzers.ch\/wp-content\/uploads\/2025\/03\/image003-1-300x225.jpg 300w, https:\/\/www.jugendarbeit-kerzers.ch\/wp-content\/uploads\/2025\/03\/image003-1-768x576.jpg 768w, https:\/\/www.jugendarbeit-kerzers.ch\/wp-content\/uploads\/2025\/03\/image003-1-1536x1152.jpg 1536w, https:\/\/www.jugendarbeit-kerzers.ch\/wp-content\/uploads\/2025\/03\/image003-1.jpg 2016w\" sizes=\"auto, (max-width: 1024px) 100vw, 1024px\" \/><\/a><\/figure>\n\n\n\n<figure class=\"wp-block-image size-large\"><a href=\"https:\/\/www.jugendarbeit-kerzers.ch\/wp-content\/uploads\/2025\/03\/image006.jpg\"><img loading=\"lazy\" decoding=\"async\" width=\"1024\" height=\"768\" src=\"https:\/\/www.jugendarbeit-kerzers.ch\/wp-content\/uploads\/2025\/03\/image006-1024x768.jpg\" alt=\"\" class=\"wp-image-4742\" srcset=\"https:\/\/www.jugendarbeit-kerzers.ch\/wp-content\/uploads\/2025\/03\/image006-1024x768.jpg 1024w, https:\/\/www.jugendarbeit-kerzers.ch\/wp-content\/uploads\/2025\/03\/image006-300x225.jpg 300w, https:\/\/www.jugendarbeit-kerzers.ch\/wp-content\/uploads\/2025\/03\/image006-768x576.jpg 768w, https:\/\/www.jugendarbeit-kerzers.ch\/wp-content\/uploads\/2025\/03\/image006-1536x1152.jpg 1536w, https:\/\/www.jugendarbeit-kerzers.ch\/wp-content\/uploads\/2025\/03\/image006.jpg 2016w\" sizes=\"auto, (max-width: 1024px) 100vw, 1024px\" \/><\/a><\/figure>\n\n\n\n<figure class=\"wp-block-image size-large\"><a href=\"https:\/\/www.jugendarbeit-kerzers.ch\/wp-content\/uploads\/2025\/03\/image004-1.jpg\"><img loading=\"lazy\" decoding=\"async\" width=\"1024\" height=\"768\" src=\"https:\/\/www.jugendarbeit-kerzers.ch\/wp-content\/uploads\/2025\/03\/image004-1-1024x768.jpg\" alt=\"\" class=\"wp-image-4743\" srcset=\"https:\/\/www.jugendarbeit-kerzers.ch\/wp-content\/uploads\/2025\/03\/image004-1-1024x768.jpg 1024w, https:\/\/www.jugendarbeit-kerzers.ch\/wp-content\/uploads\/2025\/03\/image004-1-300x225.jpg 300w, https:\/\/www.jugendarbeit-kerzers.ch\/wp-content\/uploads\/2025\/03\/image004-1-768x576.jpg 768w, https:\/\/www.jugendarbeit-kerzers.ch\/wp-content\/uploads\/2025\/03\/image004-1-1536x1152.jpg 1536w, https:\/\/www.jugendarbeit-kerzers.ch\/wp-content\/uploads\/2025\/03\/image004-1.jpg 2016w\" sizes=\"auto, (max-width: 1024px) 100vw, 1024px\" \/><\/a><\/figure>\n\n\n\n<figure class=\"wp-block-image size-large\"><a href=\"https:\/\/www.jugendarbeit-kerzers.ch\/wp-content\/uploads\/2025\/03\/image005-1.jpg\"><img loading=\"lazy\" decoding=\"async\" width=\"1024\" height=\"768\" src=\"https:\/\/www.jugendarbeit-kerzers.ch\/wp-content\/uploads\/2025\/03\/image005-1-1024x768.jpg\" alt=\"\" class=\"wp-image-4744\" srcset=\"https:\/\/www.jugendarbeit-kerzers.ch\/wp-content\/uploads\/2025\/03\/image005-1-1024x768.jpg 1024w, https:\/\/www.jugendarbeit-kerzers.ch\/wp-content\/uploads\/2025\/03\/image005-1-300x225.jpg 300w, https:\/\/www.jugendarbeit-kerzers.ch\/wp-content\/uploads\/2025\/03\/image005-1-768x576.jpg 768w, https:\/\/www.jugendarbeit-kerzers.ch\/wp-content\/uploads\/2025\/03\/image005-1-1536x1152.jpg 1536w, https:\/\/www.jugendarbeit-kerzers.ch\/wp-content\/uploads\/2025\/03\/image005-1.jpg 2016w\" sizes=\"auto, (max-width: 1024px) 100vw, 1024px\" \/><\/a><\/figure>\n\n\n\n<figure class=\"wp-block-image size-large\"><a href=\"https:\/\/www.jugendarbeit-kerzers.ch\/wp-content\/uploads\/2025\/03\/image001-5.jpg\"><img loading=\"lazy\" decoding=\"async\" width=\"1024\" height=\"768\" src=\"https:\/\/www.jugendarbeit-kerzers.ch\/wp-content\/uploads\/2025\/03\/image001-5-1024x768.jpg\" alt=\"\" class=\"wp-image-4745\" srcset=\"https:\/\/www.jugendarbeit-kerzers.ch\/wp-content\/uploads\/2025\/03\/image001-5-1024x768.jpg 1024w, https:\/\/www.jugendarbeit-kerzers.ch\/wp-content\/uploads\/2025\/03\/image001-5-300x225.jpg 300w, https:\/\/www.jugendarbeit-kerzers.ch\/wp-content\/uploads\/2025\/03\/image001-5-768x576.jpg 768w, https:\/\/www.jugendarbeit-kerzers.ch\/wp-content\/uploads\/2025\/03\/image001-5-1536x1152.jpg 1536w, https:\/\/www.jugendarbeit-kerzers.ch\/wp-content\/uploads\/2025\/03\/image001-5.jpg 2016w\" sizes=\"auto, (max-width: 1024px) 100vw, 1024px\" \/><\/a><\/figure>\n","protected":false},"excerpt":{"rendered":"<p>Mietgesuch f\u00fcr den Meet Point (Jugendraum): Mindestens 2 Wochen vor der Vermietung muss ein Ben\u00fctzungsgesuch (miet-gesuch-jugendraum.pdf) ausgef\u00fcllt werden. Der Raum kann von Privatpersonen, aus Kerzers und den Partnergemeinden (Ferenbalm, Fr\u00e4schels,<\/p>\n<p><a href=\"https:\/\/www.jugendarbeit-kerzers.ch\/?page_id=203\" class=\"more-link themebutton\">Read More<\/a><\/p>\n","protected":false},"author":1,"featured_media":0,"parent":0,"menu_order":0,"comment_status":"closed","ping_status":"closed","template":"","meta":{"footnotes":""},"class_list":["post-203","page","type-page","status-publish","hentry"],"_links":{"self":[{"href":"https:\/\/www.jugendarbeit-kerzers.ch\/index.php?rest_route=\/wp\/v2\/pages\/203","targetHints":{"allow":["GET"]}}],"collection":[{"href":"https:\/\/www.jugendarbeit-kerzers.ch\/index.php?rest_route=\/wp\/v2\/pages"}],"about":[{"href":"https:\/\/www.jugendarbeit-kerzers.ch\/index.php?rest_route=\/wp\/v2\/types\/page"}],"author":[{"embeddable":true,"href":"https:\/\/www.jugendarbeit-kerzers.ch\/index.php?rest_route=\/wp\/v2\/users\/1"}],"replies":[{"embeddable":true,"href":"https:\/\/www.jugendarbeit-kerzers.ch\/index.php?rest_route=%2Fwp%2Fv2%2Fcomments&post=203"}],"version-history":[{"count":69,"href":"https:\/\/www.jugendarbeit-kerzers.ch\/index.php?rest_route=\/wp\/v2\/pages\/203\/revisions"}],"predecessor-version":[{"id":5253,"href":"https:\/\/www.jugendarbeit-kerzers.ch\/index.php?rest_route=\/wp\/v2\/pages\/203\/revisions\/5253"}],"wp:attachment":[{"href":"https:\/\/www.jugendarbeit-kerzers.ch\/index.php?rest_route=%2Fwp%2Fv2%2Fmedia&parent=203"}],"curies":[{"name":"wp","href":"https:\/\/api.w.org\/{rel}","templated":true}]}}