{"id":206,"date":"2014-10-08T21:07:33","date_gmt":"2014-10-08T19:07:33","guid":{"rendered":"https:\/\/www.jugendarbeit-kerzers.ch\/?page_id=206"},"modified":"2020-10-27T16:02:02","modified_gmt":"2020-10-27T14:02:02","slug":"zielgruppe","status":"publish","type":"page","link":"https:\/\/www.jugendarbeit-kerzers.ch\/?page_id=206","title":{"rendered":"Zielgruppe"},"content":{"rendered":"<h4>In der Regel f\u00fcr Sch\u00fclerinnen und Sch\u00fcler der 7. \u2013 10. Klasse der OS Kerzers; also aus Kerzers &amp; Partnergemeinden der Jugendarbeit.<\/h4>\n<h4>Ausnahmen m\u00fcssen bei der Aufsicht m\u00fcndlich beantragt und bewilligt werden und zwar direkt bei den Jugendarbeitenden \/ Erwachsenen, welche am betreffenden Abend im Meet Point Aufsicht machen.<\/h4>\n","protected":false},"excerpt":{"rendered":"<p>In der Regel f\u00fcr Sch\u00fclerinnen und Sch\u00fcler der 7. \u2013 10. Klasse der OS Kerzers; also aus Kerzers &amp; Partnergemeinden der Jugendarbeit. Ausnahmen m\u00fcssen bei der Aufsicht m\u00fcndlich beantragt und<\/p>\n<p><a href=\"https:\/\/www.jugendarbeit-kerzers.ch\/?page_id=206\" class=\"more-link themebutton\">Read More<\/a><\/p>\n","protected":false},"author":1,"featured_media":0,"parent":0,"menu_order":0,"comment_status":"closed","ping_status":"closed","template":"","meta":{"footnotes":""},"class_list":["post-206","page","type-page","status-publish","hentry"],"_links":{"self":[{"href":"https:\/\/www.jugendarbeit-kerzers.ch\/index.php?rest_route=\/wp\/v2\/pages\/206","targetHints":{"allow":["GET"]}}],"collection":[{"href":"https:\/\/www.jugendarbeit-kerzers.ch\/index.php?rest_route=\/wp\/v2\/pages"}],"about":[{"href":"https:\/\/www.jugendarbeit-kerzers.ch\/index.php?rest_route=\/wp\/v2\/types\/page"}],"author":[{"embeddable":true,"href":"https:\/\/www.jugendarbeit-kerzers.ch\/index.php?rest_route=\/wp\/v2\/users\/1"}],"replies":[{"embeddable":true,"href":"https:\/\/www.jugendarbeit-kerzers.ch\/index.php?rest_route=%2Fwp%2Fv2%2Fcomments&post=206"}],"version-history":[{"count":4,"href":"https:\/\/www.jugendarbeit-kerzers.ch\/index.php?rest_route=\/wp\/v2\/pages\/206\/revisions"}],"predecessor-version":[{"id":2794,"href":"https:\/\/www.jugendarbeit-kerzers.ch\/index.php?rest_route=\/wp\/v2\/pages\/206\/revisions\/2794"}],"wp:attachment":[{"href":"https:\/\/www.jugendarbeit-kerzers.ch\/index.php?rest_route=%2Fwp%2Fv2%2Fmedia&parent=206"}],"curies":[{"name":"wp","href":"https:\/\/api.w.org\/{rel}","templated":true}]}}