{"id":57,"date":"2014-10-03T18:04:15","date_gmt":"2014-10-03T16:04:15","guid":{"rendered":"https:\/\/www.jugendarbeit-kerzers.ch\/?page_id=57"},"modified":"2024-12-20T19:38:42","modified_gmt":"2024-12-20T18:38:42","slug":"funktion","status":"publish","type":"page","link":"https:\/\/www.jugendarbeit-kerzers.ch\/?page_id=57","title":{"rendered":"Funktion"},"content":{"rendered":"<h2>der offenen Kinder- und\u00a0 Jugendarbeit<\/h2>\n<h4>Die offene Jugendarbeit setzt sich zum Ziel, Kinder und Jugendliche in der Entwicklung zum Erwachsenwerden zu begleiten.<\/h4>\n<h4>Sie bietet Raum f\u00fcr Kreativit\u00e4t, Erholung, Begegnung und Experimente und erm\u00f6glicht dadurch ein soziales \u00dcbungsfeld f\u00fcr Kinder und Jugendliche.<\/h4>\n<h4>Das Handlungsfeld der offenen Jugendarbeit besteht vor allem in der Begleitung und Beratung der Kinder und Jugendlichen in ihrer Freizeit. Ziel ist es, die Kinder und Jugendlichen bei einer f\u00fcr sie befriedigenden Lebensbew\u00e4ltigung zu unterst\u00fctzen und ihre Kompetenzen zur L\u00f6sung von pers\u00f6nlichen und\/oder sozialen Problemen zu f\u00f6rdern. Dabei spielen auch die von der Jugendarbeit zu leistende Pr\u00e4ventions- und Integrationsarbeit eine wichtige Rolle.<\/h4>\n<h4>Offene Kinder- und Jugendarbeit hat zudem die Funktion, kinder- und jugendgerechte Strukturen zu schaffen und die Position der Kinder und Jugendlichen in den Gemeinden zu unterst\u00fctzen.<\/h4>\n<h4>Die Mitarbeitenden bieten sich als Vertrauenspersonen an und f\u00f6rdern Prozesse der Mitsprache und Mitbestimmung.<\/h4>\n<h4>Die Mitarbeitenden bieten ihr Fachwissen der Politik und Verwaltung, der Schule und den Eltern, sowie weiteren interessierten Kreisen zur Vef\u00fcgung.<\/h4>\n","protected":false},"excerpt":{"rendered":"<p>der offenen Kinder- und\u00a0 Jugendarbeit Die offene Jugendarbeit setzt sich zum Ziel, Kinder und Jugendliche in der Entwicklung zum Erwachsenwerden zu begleiten. Sie bietet Raum f\u00fcr Kreativit\u00e4t, Erholung, Begegnung und<\/p>\n<p><a href=\"https:\/\/www.jugendarbeit-kerzers.ch\/?page_id=57\" class=\"more-link themebutton\">Read More<\/a><\/p>\n","protected":false},"author":1,"featured_media":0,"parent":2,"menu_order":3,"comment_status":"closed","ping_status":"closed","template":"","meta":{"footnotes":""},"class_list":["post-57","page","type-page","status-publish","hentry"],"_links":{"self":[{"href":"https:\/\/www.jugendarbeit-kerzers.ch\/index.php?rest_route=\/wp\/v2\/pages\/57","targetHints":{"allow":["GET"]}}],"collection":[{"href":"https:\/\/www.jugendarbeit-kerzers.ch\/index.php?rest_route=\/wp\/v2\/pages"}],"about":[{"href":"https:\/\/www.jugendarbeit-kerzers.ch\/index.php?rest_route=\/wp\/v2\/types\/page"}],"author":[{"embeddable":true,"href":"https:\/\/www.jugendarbeit-kerzers.ch\/index.php?rest_route=\/wp\/v2\/users\/1"}],"replies":[{"embeddable":true,"href":"https:\/\/www.jugendarbeit-kerzers.ch\/index.php?rest_route=%2Fwp%2Fv2%2Fcomments&post=57"}],"version-history":[{"count":9,"href":"https:\/\/www.jugendarbeit-kerzers.ch\/index.php?rest_route=\/wp\/v2\/pages\/57\/revisions"}],"predecessor-version":[{"id":4616,"href":"https:\/\/www.jugendarbeit-kerzers.ch\/index.php?rest_route=\/wp\/v2\/pages\/57\/revisions\/4616"}],"up":[{"embeddable":true,"href":"https:\/\/www.jugendarbeit-kerzers.ch\/index.php?rest_route=\/wp\/v2\/pages\/2"}],"wp:attachment":[{"href":"https:\/\/www.jugendarbeit-kerzers.ch\/index.php?rest_route=%2Fwp%2Fv2%2Fmedia&parent=57"}],"curies":[{"name":"wp","href":"https:\/\/api.w.org\/{rel}","templated":true}]}}