{"id":5272,"date":"2026-01-19T15:49:26","date_gmt":"2026-01-19T14:49:26","guid":{"rendered":"https:\/\/www.jugendarbeit-kerzers.ch\/?post_type=tribe_events&#038;p=5272"},"modified":"2026-01-30T09:51:16","modified_gmt":"2026-01-30T08:51:16","slug":"jugendkafi-fuer-alle-aus-kerzers-ried-fraeschels-gurbrue-wileroltigen-im-os-alter-13-16-jaehrig","status":"publish","type":"tribe_events","link":"https:\/\/www.jugendarbeit-kerzers.ch\/?tribe_events=jugendkafi-fuer-alle-aus-kerzers-ried-fraeschels-gurbrue-wileroltigen-im-os-alter-13-16-jaehrig","title":{"rendered":"Jugendkafi f\u00fcr alle aus Kerzers, Ried, Fr\u00e4schels, Ferenbalm, Gurbr\u00fc + Wileroltigen. Im OS Alter = 13 &#8211; 16 J\u00e4hrig."},"content":{"rendered":"","protected":false},"excerpt":{"rendered":"","protected":false},"author":1,"featured_media":0,"template":"","meta":{"_tribe_events_status":"","_tribe_events_status_reason":"","footnotes":""},"tags":[],"tribe_events_cat":[],"class_list":["post-5272","tribe_events","type-tribe_events","status-publish","hentry"],"_links":{"self":[{"href":"https:\/\/www.jugendarbeit-kerzers.ch\/index.php?rest_route=\/wp\/v2\/tribe_events\/5272","targetHints":{"allow":["GET"]}}],"collection":[{"href":"https:\/\/www.jugendarbeit-kerzers.ch\/index.php?rest_route=\/wp\/v2\/tribe_events"}],"about":[{"href":"https:\/\/www.jugendarbeit-kerzers.ch\/index.php?rest_route=\/wp\/v2\/types\/tribe_events"}],"author":[{"embeddable":true,"href":"https:\/\/www.jugendarbeit-kerzers.ch\/index.php?rest_route=\/wp\/v2\/users\/1"}],"version-history":[{"count":2,"href":"https:\/\/www.jugendarbeit-kerzers.ch\/index.php?rest_route=\/wp\/v2\/tribe_events\/5272\/revisions"}],"predecessor-version":[{"id":5321,"href":"https:\/\/www.jugendarbeit-kerzers.ch\/index.php?rest_route=\/wp\/v2\/tribe_events\/5272\/revisions\/5321"}],"wp:attachment":[{"href":"https:\/\/www.jugendarbeit-kerzers.ch\/index.php?rest_route=%2Fwp%2Fv2%2Fmedia&parent=5272"}],"wp:term":[{"taxonomy":"post_tag","embeddable":true,"href":"https:\/\/www.jugendarbeit-kerzers.ch\/index.php?rest_route=%2Fwp%2Fv2%2Ftags&post=5272"},{"taxonomy":"tribe_events_cat","embeddable":true,"href":"https:\/\/www.jugendarbeit-kerzers.ch\/index.php?rest_route=%2Fwp%2Fv2%2Ftribe_events_cat&post=5272"}],"curies":[{"name":"wp","href":"https:\/\/api.w.org\/{rel}","templated":true}]}}

Jugendkafi für alle aus Kerzers, Ried, Fräschels, Ferenbalm, Gurbrü + Wileroltigen. Im OS Alter = 13 &#8211; 16 Jährig.
