{"id":5282,"date":"2026-01-19T16:00:14","date_gmt":"2026-01-19T15:00:14","guid":{"rendered":"https:\/\/www.jugendarbeit-kerzers.ch\/?post_type=tribe_events&#038;p=5282"},"modified":"2026-01-30T09:44:24","modified_gmt":"2026-01-30T08:44:24","slug":"kochtreff-chruesi-muesi-fuer-alle-aus-kerzers-ried-fraeschels-gurbrue-wileroltigen-von-11-16-jahre-2","status":"publish","type":"tribe_events","link":"https:\/\/www.jugendarbeit-kerzers.ch\/?tribe_events=kochtreff-chruesi-muesi-fuer-alle-aus-kerzers-ried-fraeschels-gurbrue-wileroltigen-von-11-16-jahre-2","title":{"rendered":"Kochtreff Chr\u00fcsi-M\u00fcsi f\u00fcr alle aus Kerzers, Ried, Fr\u00e4schels, Ferenbalm, Gurbr\u00fc + Wileroltigen. Von 11-16 Jahre"},"content":{"rendered":"","protected":false},"excerpt":{"rendered":"","protected":false},"author":1,"featured_media":0,"template":"","meta":{"_tribe_events_status":"","_tribe_events_status_reason":"","footnotes":""},"tags":[],"tribe_events_cat":[],"class_list":["post-5282","tribe_events","type-tribe_events","status-publish","hentry"],"_links":{"self":[{"href":"https:\/\/www.jugendarbeit-kerzers.ch\/index.php?rest_route=\/wp\/v2\/tribe_events\/5282","targetHints":{"allow":["GET"]}}],"collection":[{"href":"https:\/\/www.jugendarbeit-kerzers.ch\/index.php?rest_route=\/wp\/v2\/tribe_events"}],"about":[{"href":"https:\/\/www.jugendarbeit-kerzers.ch\/index.php?rest_route=\/wp\/v2\/types\/tribe_events"}],"author":[{"embeddable":true,"href":"https:\/\/www.jugendarbeit-kerzers.ch\/index.php?rest_route=\/wp\/v2\/users\/1"}],"version-history":[{"count":2,"href":"https:\/\/www.jugendarbeit-kerzers.ch\/index.php?rest_route=\/wp\/v2\/tribe_events\/5282\/revisions"}],"predecessor-version":[{"id":5312,"href":"https:\/\/www.jugendarbeit-kerzers.ch\/index.php?rest_route=\/wp\/v2\/tribe_events\/5282\/revisions\/5312"}],"wp:attachment":[{"href":"https:\/\/www.jugendarbeit-kerzers.ch\/index.php?rest_route=%2Fwp%2Fv2%2Fmedia&parent=5282"}],"wp:term":[{"taxonomy":"post_tag","embeddable":true,"href":"https:\/\/www.jugendarbeit-kerzers.ch\/index.php?rest_route=%2Fwp%2Fv2%2Ftags&post=5282"},{"taxonomy":"tribe_events_cat","embeddable":true,"href":"https:\/\/www.jugendarbeit-kerzers.ch\/index.php?rest_route=%2Fwp%2Fv2%2Ftribe_events_cat&post=5282"}],"curies":[{"name":"wp","href":"https:\/\/api.w.org\/{rel}","templated":true}]}}

Kochtreff Chrüsi-Müsi für alle aus Kerzers, Ried, Fräschels, Ferenbalm, Gurbrü + Wileroltigen. Von 11-16 Jahre
